 16633528 and 8.
8
Calculate the greatest common factor of 1555536 and 208.
16
Calculate the greatest common factor of 10506 and 10962960.
102
What is the highest common factor of 6155308 and 201724?
5452
Calculate the highest common divisor of 6240 and 874640.
1040
What is the highest common factor of 1652 and 22715944?
236
What is the greatest common factor of 375202368 and 1944?
648
Calculate the highest common factor of 2771 and 126939.
17
What is the greatest common factor of 12290560 and 1024?
512
Calculate the greatest common factor of 10268 and 1864.
4
What is the greatest common divisor of 151133078 and 3044?
1522
What is the greatest common factor of 58296734 and 688?
86
Calculate the highest common divisor of 3501741 and 66934.
683
What is the greatest common factor of 61050 and 4832718?
2442
What is the greatest common divisor of 18988 and 43620183?
4747
What is the highest common factor of 257580630 and 1193?
1193
What is the highest common factor of 3936 and 13603584?
96
Calculate the highest common divisor of 54809 and 31533.
23
What is the highest common factor of 116210356 and 4?
4
What is the highest common factor of 18105648 and 28864?
176
Calculate the greatest common factor of 167183 and 24707.
31
What is the highest common factor of 58132264 and 11947?
919
What is the greatest common divisor of 101031 and 88296?
849
Calculate the highest common divisor of 18009 and 72181638.
783
Calculate the highest common divisor of 4867 and 19140655.
157
Calculate the greatest common divisor of 2804 and 23036.
4
What is the highest common divisor of 73622547 and 108?
27
What is the greatest common factor of 13 and 1032194176?
13
What is the greatest common divisor of 6140046375 and 25?
25
What is the highest common factor of 44421 and 9860799?
663
Calculate the highest common divisor of 344 and 20287488.
8
What is the greatest common factor of 55293165 and 27?
27
Calculate the highest common factor of 194 and 762663858.
194
Calculate the highest common divisor of 3240 and 7549160.
40
Calculate the highest common factor of 18849 and 5372274.
309
Calculate the highest common divisor of 11106556 and 9116.
172
Calculate the highest common factor of 6344 and 5122.
26
Calculate the greatest common factor of 240288408 and 96.
24
What is the greatest common factor of 31 and 8852670?
31
Calculate the highest common factor of 5643 and 17204253.
627
What is the highest common factor of 134992195 and 65?
65
What is the highest common divisor of 11123 and 11687095?
1589
What is the greatest common divisor of 27035762 and 156?
26
What is the highest common divisor of 165 and 32818775?
55
Calculate the greatest common factor of 1251 and 3529431.
9
What is the highest common factor of 2439 and 16238591?
271
Calculate the greatest common divisor of 54 and 104932467.
9
Calculate the highest common divisor of 133 and 70022239.
133
What is the greatest common divisor of 23563344 and 7448?
1064
Calculate the greatest common divisor of 751104 and 6194.
326
What is the greatest common divisor of 624 and 1184712?
24
What is the greatest common divisor of 644220 and 12150?
270
Calculate the highest common divisor of 4191 and 14901799.
1397
Calculate the highest common divisor of 1909 and 1041095.
23
Calculate the highest common factor of 1273446 and 27976.
538
What is the highest common factor of 28500 and 125193660?
1140
What is the greatest common divisor of 7000 and 4801000?
1000
What is the highest common divisor of 79638 and 315432?
78
What is the greatest common factor of 4729102 and 259?
7
Calculate the highest common divisor of 27 and 6102729.
27
What is the highest common divisor of 4296 and 12033096?
4296
What is the greatest common factor of 640 and 192352?
32
What is the greatest common divisor of 19793494 and 24414?
626
What is the greatest common divisor of 3143 and 7816354987?
3143
Calculate the highest common divisor of 2297832 and 25326.
402
Calculate the highest common factor of 2266996 and 3512.
1756
What is the highest common factor of 27376128 and 1764?
36
Calculate the greatest common divisor of 4200 and 37242240.
840
What is the highest common divisor of 9826 and 8694854?
578
What is the greatest common factor of 3825 and 2403450?
225
What is the greatest common factor of 99414 and 34524?
126
What is the greatest common factor of 590062 and 462?
22
Calculate the greatest common factor of 113481522 and 451.
451
Calculate the greatest common factor of 1054272 and 365874.
1734
Calculate the highest common divisor of 292579 and 4210668.
343
Calculate the greatest common divisor of 826956 and 46531.
589
Calculate the highest common divisor of 18922272 and 4416.
96
What is the highest common factor of 642166 and 2863?
7
Calculate the greatest common divisor of 891 and 77403924.
81
What is the greatest common factor of 58 and 10395514?
58
Calculate the highest common factor of 2166 and 2632830.
114
What is the greatest common divisor of 35327523 and 127050?
2541
Calculate the highest common divisor of 6806496 and 672.
96
What is the highest common divisor of 44227469 and 1286?
643
What is the highest common factor of 2680 and 513740?
20
Calculate the highest common factor of 7 and 15337338.
1
Calculate the greatest common divisor of 3020620 and 49780.
380
Calculate the highest common factor of 51620 and 515330.
290
What is the greatest common factor of 30402 and 27108?
54
What is the highest common divisor of 13435184 and 170874?
1726
What is the highest common factor of 32399300 and 20?
20
Calculate the highest common factor of 972 and 154038348.
324
Calculate the highest common factor of 180490 and 860.
10
Calculate the highest common divisor of 154 and 4112808.
14
Calculate the greatest common divisor of 4042 and 31734.
86
Calculate the greatest common factor of 389577 and 9454101.
5487
What is the highest common divisor of 1764560 and 122245?
115
Calculate the highest common factor of 35031539 and 6258.
149
Calculate the highest common divisor of 2221 and 1028.
1
Calculate the highest common factor of 143187 and 1287.
33
What is the highest common factor of 19070828 and 651?
217
What is the greatest common factor of 13390 and 365?
5
What is the greatest common divisor of 667 and 136687759?
29
What is the highest common divisor of 140075 and 399106?
431
What is the greatest common factor of 438 and 5089779?
219
What is the greatest common factor of 365700 and 8418?
138
What is the greatest common factor of 14846 and 146?
2
What is the greatest common factor of 15 and 4660890?
15
What is the greatest common factor of 125741 and 41426?
77
Calculate the highest common factor of 59 and 83831625.
59
Calculate the highest common divisor of 2456548650 and 15.
15
What is the greatest common factor of 1786 and 33925963?
893
What is the greatest common divisor of 5574338 and 784?
98
Calculate the greatest common factor of 1989807 and 117.
3
Calculate the highest common factor of 117 and 124534800.
117
What is the greatest common divisor of 4322 and 454?
2
What is the highest common factor of 11714696 and 477?
53
Calculate the greatest common factor of 3041 and 3337044391.
3041
What is the greatest common factor of 5910832 and 35309?
527
Calculate the greatest common divisor of 19139837 and 3.
1
Calculate the highest common factor of 4445145 and 21435.
15
What is the greatest common factor of 85004 and 3797204?
1076
Calculate the highest common factor of 12049500 and 600.
300
Calculate the greatest common divisor of 824 and 79455436.
412
What is the highest common divisor of 1134190 and 693970?
290
Calculate the greatest common divisor of 121272 and 12877.
163
What is the highest common factor of 20727 and 5160141?
441
What is the highest common divisor of 32911853 and 135824?
8489
What is the highest common factor of 6506901 and 8122?
131
Calculate the greatest common factor of 2652 and 1010308.
52
What is the highest common divisor of 5423 and 14599673?
319
Calculate the greatest common divisor of 46794 and 10834938.
4254
Calculate the highest common divisor of 4216 and 1638800.
136
Calculate the highest common divisor of 99 and 12784.
1
What is the highest common divisor of 10696 and 347144?
56
What is the greatest common divisor of 12353959 an